culate a(-5).
3
Let q(f) be the third derivative of -f**4/12 + f**3/6 + 74*f**2. Give q(7).
-13
Let l(r) = r**3 + 4*r**2 + 3*r + 2. Let c be 508/14 + (-14)/49. Suppose 4*j + c = -4*y, 2*j - 14 - 3 = 5*y. Let b be 4/y*(-5)/(-2). Give l(b).
4
Let f(z) = z**2 + z - 3. Let y(w) = -w**2 + 5*w + 12. Let o be y(7). Let h(v) = 2*v**2 + 2*v + 1. Let g be h(-1). Let s = o - g. What is f(s)?
3
Suppose 0 = 5*g - 10*g + 20. Let r(h) = -g + h + 6 - 1. What is r(1)?
2
Let k(b) = -2*b. Suppose 0 = -3*d - 4 - 11. Let f be (-2)/2 + d + 3. Let l = -1 - f. Give k(l).
-4
Let r(w) = -2*w + 3. Suppose -3*p = 15, 4*p = -o + 2*o - 20. Suppose o = 3*g - 0*g - 15. Calculate r(g).
-7
Let v = 10 + -7. Let y(l) = -4*l**3 - l**2 + 5*l - 3. Let c(n) = 5*n**3 + n**2 - 7*n + 4. Let p(u) = 5*c(u) + 6*y(u). Determine p(v).
5
Let y(x) = -x**3 + 23*x**2 - 23*x + 13. Suppose -b + 106 = 5*u - 3*b, 0 = 5*u + 3*b - 116. Let a be y(u). Let g(n) = -n**3 - 8*n**2 + 9*n - 10. Determine g(a).
-10
Let l(r) = r**3 + 10*r**2 + 7*r - 15. Let o be l(-9). Let j(d) = o*d - 70*d**3 - 7*d**2 + 35*d**3 + 36*d**3 - 7. Give j(7).
14
Let s(u) = -3*u - 33. Let l be s(-11). Suppose l = -k - 2*k + 4*o + 9, -3*k + o + 18 = 0. Let t(j) = -j**2 + 8*j + 2. Determine t(k).
9
Suppose 4*w - p - 9 = -3, 3*w - p - 4 = 0. Let m(l) = -6964 + 4*l**w + l + 2*l**3 + 6966 - 6*l**2. Determine m(2).
12
Let y(l) = l**2 + l + 3*l + 1 + 0 - 2*l**2 - 6. What is y(2)?
-1
Let r be (2/3)/(-12 - 444/(-36)). Let f(l) = 4*l**2 - 3*l + 4. Determine f(r).
14
Suppose 4*q - 15 = -7. Let n(i) = q*i**3 + 0*i**3 - 3*i**3 + 2 + 35*i**2 - 2*i - 32*i**2. What is n(3)?
-4
Let p(u) = -u**3 + 26*u**2 - 6*u + 154. Let m be p(26). Let n(w) = -w**3 + 3*w**2 + 8*w + 2. Give n(m).
6
Suppose -7*v + 6*v = -103. Let j(u) = 5 - 2 + 207*u - 105*u - v*u. What is j(-8)?
11
Let q(o) = o + 1. Let k(z) = -z**2 + 3*z - 4. Let m(p) = k(p) + 5*q(p). Let n(s) = -6*s**2 - 84*s + 7. Let d be n(-14). What is m(d)?
8
Let q be 8/40 + -2*38/(-20). Let w(m) = -m**2 - 3 + q + 3 - 10 + m. Calculate w(0).
-6
Let f(x) be the first derivative of x**2 - 6*x - 33. Give f(-5).
-16
Let d(h) = 3*h - 2. Let b(g) = g**2 - 20*g + 45. Let m be b(3). Determine d(m).
-20
Let p be (-15)/5 + 3 - 2. Let z be 2/(p/(-1))*-5. Let m(q) = -q**3 - 4*q**2 + 8*q + 7. Determine m(z).
-8
Let g(m) = -m + m - 1 - m. Let v be 489/(-326)*-4*(-2)/12. Calculate g(v).
0
Let v(b) = -b**2 + 8*b + 21. Suppose 41 - 104 = -7*c. What is v(c)?
12
Let d(a) = a**2 - a + 3. Suppose 3*q + 3 = 12. Suppose -3 = 7*g - q. Calculate d(g).
3
Let i be (0/(-1 - 1))/2. Suppose -6 = -i*c + 4*c - 2*h, 4*c = 4*h + 4. Let z(r) = -r**2 - 4*r + 5. Give z(c).
5
Let g = -5 + 8. Let y(w) = -7*w. Let m be y(-1). Suppose -2*u - 13 = -2*q + m, 5*q - 40 = g*u. Let t(p) = -p - 2. Give t(q).
-7
Let j be (-4)/(-14) - (-1722)/147. Let s(u) = -8*u + 2 - 5*u + j*u. Give s(-2).
4
Let k = 3 + -8. Let n(w) = 77*w**3 - 10*w**2 - 3*w + 13. Let f(a) = -106*a**3 + 13*a**2 + 4*a - 18. Let q(x) = -8*f(x) - 11*n(x). Give q(k).
21
Let g(a) be the third derivative of -a**4/3 - a**3/3 - 4*a**2. Suppose -8*x - 25 - 15 = 0. Let p be (x + 0)*(-2)/5. What is g(p)?
-18
Let l(v) = 4 + 0 + 2*v + 0*v - v**2. Let h(t) = -t**3 + 7*t**2 - 6*t - 3. Let i be h(6). What is l(i)?
-11
Let c be (5/(-4))/(-10 - 507/(-52)). Let v(u) = 3*u - 12. What is v(c)?
3
Let b(j) = j**2 + 25*j + 52. Suppose 1 = z, -2*z + 112 = -5*c - 5*z. Give b(c).
6
Let r(q) = -q**2 + 11*q + 7. Let a be r(12). Let b(l) = l**3 + 6*l**2 + 5*l + 3. Let i be b(a). Let y(g) = 7*g**2 - 8*g**2 - i - g - 5*g. What is y(-5)?
2
Let z(w) = w + 7*w**2 + 5*w + 10 - 9*w**3 + 5 + 8*w**3. What is z(8)?
-1
Let w(a) be the third derivative of -a**4/6 + a**3 - 4*a**2. Let d(z) = 5*z + 9*z - 24 + 7 - 3*z. Let j(s) = -6*d(s) - 17*w(s). Determine j(3).
6
Let x(t) = 46*t - 14*t - 13 + 24 - 20*t - t**2. Determine x(12).
11
Let c(a) = 9*a + 5. Let r(q) = 8*q + 4. Let v(z) = -5*c(z) + 6*r(z). Suppose -14*k = -32*k + 36. What is v(k)?
5
Let j = -912 - -917. Let z = -4 + 9. Let s(o) = 0*o**2 - z + 3*o + 4*o**2 + 2*o - o**3. Give s(j).
-5
Let s(h) = 2*h + 30. Let y be s(-15). Let p(w) = y*w + 298 + w - 300. Give p(7).
5
Let k(o) = -o**2 - 4*o + 1. Let j(z) = z**2 + 5*z - 2. Let f(v) = 4*j(v) + 3*k(v). Let a(s) = -s**3 + 21*s**2 + 6*s - 133. Let u be a(21). Determine f(u).
-12
Let o(r) = -11 + 24*r - 10*r**2 - 38*r + r**3 + 5*r**2 + 19*r. What is o(5)?
14
Let b = 70 + -72. Let u(o) = -o**2 + 3. Determine u(b).
-1
Suppose -1 = 5*p - 5*c - 6, 0 = -2*p + 4*c - 2. Let i(k) = 1 - 3 - 3*k + 51*k**2 - k**p - 44*k**2. Determine i(7).
-23
Let w be (-2)/17 - 968/(-136). Let c(k) = -498*k**2 - w + 5*k - k + 499*k**2. Determine c(-5).
-2
Let b be (-4)/10 + (-26)/10. Let t(p) be the third derivative of 1/6*p**3 + 0 + 1/12*p**4 + 0*p + 9*p**2. Give t(b).
-5
Let w(y) = 4*y - 14. Let k be (4/(8/10))/1. Suppose -k*q - 4*z = 21, -5*z - 1 + 6 = 0. Let b(g) = -3*g + 9. Let u(d) = q*w(d) - 8*b(d). Give u(-2).
-10
Let t(q) = 0*q - 25 + 6*q + 5*q + q - 13*q. Determine t(0).
-25
Let p(r) = -3*r + 1. Let x(h) = h + 11. Let t be x(-8). Suppose t*v = -7 - 5, 4*v = -j - 18. Determine p(j).
7
Let i(z) = z**3 - 4*z**2 + 3*z + 2. Let x be i(3). Suppose -31*h + 38*h = 21. Let v(y) = 2*y**2 - 10 - 12*y + 3*y + 0*y**x - h*y**2. Calculate v(-8).
-2
Let a(u) = -4*u - 13. Let o(c) = -c + 50. Let x(d) = d - 17. Let v(t) = -3*o(t) - 8*x(t). Let l(w) = -4*a(w) + 3*v(w). Give l(-10).
0
Let a(q) = -q**2 - 9*q - 3. Suppose 4*l + 4 = 32. Let w(v) = v. Let n(h) = 5*h + 1. Let o(x) = -n(x) + 4*w(x). Let y be o(l). What is a(y)?
5
Let c(s) = 45 - 16 - 11 + 9*s - 17. What is c(1)?
10
Let z(a) = 8*a - 2. Let d be (-7)/(-49) + 88/(-28). What is z(d)?
-26
Let p = 56 - 54. Suppose p*b + 3 = 9. Let n(c) = -c**2 - 2*c + 2. Give n(b).
-13
Let b(x) = x**2 + x - 1. Let t(u) = -20*u**2 + 2*u + 4 + 4*u**2 + 10*u**2. Let v(a) = -5*b(a) - t(a). Let y = 107 - 101. Calculate v(y).
-5
Let d(s) be the second derivative of -s**5/20 - s**4/6 + 7*s**3/3 - s**2 - 294*s. What is d(3)?
-5
Let l(t) = 4*t - 2. Let n = -34 + 38. Let x(k) = -5*k + 3. Let j(b) = n*l(b) + 3*x(b). Calculate j(-3).
-2
Let u(v) = 17*v - 17. Let o(b) = -84*b + 88. Let p(g) = -2*o(g) - 11*u(g). Let y = 5 + -18. Let c(s) = -9*s + 5. Let l(t) = y*c(t) + 6*p(t). What is l(-1)?
-2
Let f be (-4)/(-2 + -2) + 1 + -2. Let n(a) = f*a - a + 116 - 116. Give n(3).
-3
Let m be (-105)/(-14)*12/(-9) - 2. Let n(k) = -k**2 - 13*k - 9. What is n(m)?
3
Suppose 4*b - 12 = -4. Suppose 2 = -b*p + 3*p. Let u(h) = -2*h - 2*h**2 + 3*h**p + 0*h**2 - 2 - 2*h. What is u(4)?
-2
Let i(o) = -8 - 9*o - 2*o - 3*o**2 - 4 - 2*o**2 - 3*o**2 - o**3. Calculate i(-6).
-18
Suppose 2*v + 23 = 3*o + v, 2*v = -o + 17. Suppose -o*z = -3*z - 12. Let q(h) = h**3 - 2. Give q(z).
6
Let j(w) = w**3 + 12*w**2 + 8*w - 15. Let q be j(-11). Let y = q - 13. Let i(k) = -k - k**2 + 3 + 2*k - 5*k**2 + k**2 + k**3. Determine i(y).
8
Let j(r) = -r**3 - 2*r**2 - 2*r - 3. Suppose 3*d = 3*m - 3, -4*d - 3 = -3*d. Give j(m).
1
Let o(r) = r - 4. Suppose -12 = 15*t + 18. Give o(t).
-6
Let g be ((-60)/80)/(2/(-4)). Let c(b) be the second derivative of 2*b + 7/12*b**4 - 1/20*b**5 - 2/3*b**3 + 0 - g*b**2. Calculate c(6).
9
Suppose -8 + 2 = -3*p. Let q be (1 - 4)/(12 + -13). Let k(b) = -2 + 0 + 1 + 2*b**q - b**3. What is k(p)?
7
Let l(o) = 23*o. Suppose 0 = 5*x + m - 14, 5*x - 5 - 13 = -2*m. Calculate l(x).
46
Let s = -7 - -2. Let d(k) = k**3 - 56*k - 7 - 55*k + 105*k + 4*k**2 + 0. What is d(s)?
-2
Let w = 39 + -37. Let q(i) = -5*i + 5*i + w*i + 0*i - 3. Give q(5).
7
Let x(q) be the third derivative of q**6/120 + q**3/3 + q**2. Let l = -170 - -170. Give x(l).
2
Let w(s) = 7 + 3 - s - 21. Let u = 28 - 26. Suppose -7*g = u + 40. Give w(g).
-5
Let k(l) = -37 + 2*l + 2*l + 2. Determine k(10).
5
Let w(n) = -n**3 + 10*n**2 + 7. Let f(t) = -46*t + 102. Let h be f(2). What is w(h)?
7
Let k(n) = -3*n**2 - n - 2 + 5*n**2 + 0*n**2 + 0*n**2 - n**3. Determine k(3).
-14
Let s(v) = -3*v + 5. Let k(c) = 3*c**2 + 13*c - 7. Let i be k(-5). Determine s(i).
-4
Let n = 52 + -50. Let m(y) = -9 - 4*y + 4*y + n*y. Give m(8).
7
Let h(j) = j**3 + 8*j**2 + 8*j + 10. Let w be 2 - 12 - (-5 + 2). Let d be h(w). Let l(f) = -10 - 4*f + 4*f + 0*f**d + f**3 - f. Determine l(0).
-10
Let x be ((-37)/(-9) - -2) + (-6)/54. Let 